e m(0). Let r = a + 3869. Is (r/18)/(6/9) a prime number?
False
Suppose o + 444 = -3*o. Suppose 23*p = 28*p + 45. Is (o/p)/(2/6) composite?
False
Suppose -16*p + 21*p = 125. Suppose -24*x = -p*x + 319. Is x composite?
True
Suppose -p - 2*p - v + 299 = 0, p - 105 = v. Let i(b) = 2*b**3 - 6*b**2 - 6*b - 2. Let s be i(6). Let q = s - p. Is q composite?
True
Let w(b) = -3123*b - 106. Is w(-3) prime?
False
Let x(r) = -r**3 - 2*r**2 + 4*r - 3. Let l be x(-3). Is (-8916)/18*9/l a composite number?
False
Suppose 2*h - 22884 = -2810. Is h a composite number?
False
Suppose w - 18 = 3*x - x, w = -5*x - 10. Suppose -w*q + 3*q + 6447 = 0. Is q a prime number?
False
Let v(x) be the first derivative of 3*x**2/2 - 14*x - 3. Let p be v(11). Suppose -182 + p = -k. Is k a composite number?
False
Suppose 4*v + 13 = 9. Let w be -488 - 4/(0 - v). Let x = w - -911. Is x composite?
False
Suppose 38*n - 2700335 = 220535. Is n prime?
False
Let p be (2/(-3))/(2/(-78)). Let w(b) = -b**3 - 11*b**2 - 9*b + 10. Let m be w(-10). Suppose 4*t - p - 58 = m. Is t a composite number?
True
Let r(l) = 111*l - 14. Suppose -8 = -10*t + 22. Is r(t) composite?
True
Let b(p) = -p - 2. Let f(z) = 2*z + 3. Let d(m) = 5*b(m) + 3*f(m). Let q be d(-5). Is (-405)/(-6) + 3/q a composite number?
False
Suppose 5*w - w + d = 206157, 2*d = -5*w + 257697. Is w a prime number?
True
Let v = 69037 - 47496. Is v prime?
False
Let m(t) be the first derivative of 10*t**3/3 - t**2 - 19*t + 20. Is m(-9) prime?
True
Let l = 787 + -155. Let w = l + -253. Is w a composite number?
False
Suppose 67*u = 4139475 - 1572236. Is u a composite number?
False
Let d = -1353 + 1936. Is d composite?
True
Let x = 685 + -474. Let b = 43 + -44. Is 2/((-209)/x - b) a composite number?
False
Let z be -4 + 3 - 2/3*-6. Let b = -151 - -596. Suppose -2*h - z*h = -b. Is h a prime number?
True
Suppose -11 - 5 = 2*r + 5*u, -5*r - u = -6. Suppose -r*z + 795 = -335. Is z composite?
True
Let w = 1 - 1. Suppose -94 = -2*o + 14. Suppose w = -z + o - 15. Is z prime?
False
Suppose 3*f = -44 - 4. Let g = f - -18. Suppose 2*s + 5*c = 407, -2*c + 9 - 437 = -g*s. Is s a composite number?
False
Suppose -4*n - 38021 = -3*x, -2*x + 5*n + 6153 = -19206. Is x a composite number?
True
Let d = 14 + -7. Let r(p) = p + 12. Is r(d) a prime number?
True
Suppose 4*r + 11 = 3*j - 0, -2*j = -2*r - 4. Let w(u) = 66*u**2 - 18*u - 7. Is w(r) prime?
True
Let f = 695 - 12. Is f composite?
False
Suppose -2*z + 26588 = 2*f, -5*z + 4*f + 35813 = -30630. Is z prime?
True
Let m(k) = -2*k**3 + 3*k**2 + 14*k - 4. Is m(-21) a composite number?
True
Suppose i - 23 = 3*z + 41, 2*i - 4*z = 134. Suppose -j + i + 145 = n, -5*n = -j + 218. Is j a composite number?
True
Let f be 54/(-8) + 75/(-12) + 6. Let g(o) be the third derivative of o**5/60 + o**4/24 - 7*o**3/6 + o**2. Is g(f) prime?
False
Suppose 0 = 3*m + x - 5, 3*x = m + m - 7. Suppose m*r - 40 - 30 = 0. Is r a composite number?
True
Let i = 2512 - -815. Suppose -5*u = -2*u - i. Is u composite?
False
Let u(h) = -3996*h**3 - 9*h**2 - 14*h - 3. Is u(-2) a composite number?
False
Suppose -466 = -2*b - 2*b - 3*w, 5*w = b - 105. Suppose 3*d - 4*h - b = 0, 85 = 3*d - 3*h - 26. Is d a composite number?
True
Let q(b) = b**3 + b**2 + 4*b + 3. Let k be q(4). Suppose -k = 3*t - 306. Is t a prime number?
False
Let q = 91 + -146. Is 22/q + (-717)/(-5) composite?
True
Let l(b) = 18*b - 7. Suppose i = 3*i + 2*u - 30, -4*i + 5*u + 60 = 0. Suppose -3*m + 3 = 0, 5*a - 3*a + 5*m - i = 0. Is l(a) a prime number?
True
Suppose 3*q + 2*q - 2575 = 0. Suppose 2*f + 133 - q = 0. Is f a prime number?
True
Let q = -1266 - -1721. Let s = -181 + 272. Suppose -6*g + s = -q. Is g composite?
True
Let k(l) = 42*l**3 - 7*l**2 - 8*l + 31. Is k(6) a composite number?
False
Suppose 0 = -10*w + 6*w - 3*z + 565, -z = 5. Is w composite?
True
Suppose 3*h + 2360 = -13873. Let t = -3208 - h. Is t composite?
False
Let v(f) = -150*f - 143. Is v(-18) a prime number?
True
Let v(r) = -17*r**3 + r**2 - r. Let p be v(1). Let j = p - -19. Suppose s - k = -6*k + 111, -2*k = j*s - 254. Is s prime?
True
Let g(a) = 29*a**2 + 3*a - 93. Is g(-10) composite?
False
Let a(f) = f**3 + 11*f**2 - 29*f - 17. Is a(-8) prime?
False
Let r(t) = -3*t**3 - 6*t + 5. Let z(x) = 7*x**3 + 12*x - 9. Let b(n) = 5*r(n) + 2*z(n). Is b(-12) a prime number?
False
Suppose 4*b + 588 - 2008 = 4*z, -b - 4*z + 380 = 0. Suppose -y = -b - 86. Is y composite?
True
Suppose -130*v + 129*v + 22429 = -n, 3*n - 6 = 0. Is v a prime number?
False
Is (-9)/(648/(-184832)) - (-1)/(-9) a prime number?
False
Let i be (1 + -11)/((-2)/20). Let r = i + -48. Is 2/13 + 2436/r composite?
False
Is 13939 + -5 - (5 + -2) composite?
False
Suppose -5*k = 2*y - 307319, -26389 = -k + 5*y + 35064. Is k a prime number?
True
Suppose 25868 = 6*q - 1006. Is q a prime number?
False
Let n = -29995 + 50660. Is n a composite number?
True
Suppose 5*z + 0 = 5*x - 20, 5 = 3*x + 4*z. Suppose 658 = -x*w - 2*l, -3*w - 395 = l + 261. Let n = -129 - w. Is n prime?
True
Let a(n) = 166*n - 23. Is a(12) prime?
False
Suppose r - 2 = l, -l - l = -r. Suppose -l*q + 3*n = -290, -n - 2*n = 3*q - 435. Is q prime?
False
Suppose -2*i - 34485 = -3*r, -12*i - 11509 = -r - 16*i. Is r a composite number?
False
Let g be (-52)/12*(-4 - 82 - 4). Let u = g + -227. Is u composite?
False
Let u = 2 - -4. Suppose -u*f + 1686 = 72. Let r = f + 488. Is r prime?
True
Is ((-525921)/66)/(3/(-6)) composite?
False
Let h(w) = -w**2 - 2*w + 3. Let f(m) = m**2 - 7*m - 8. Let r be f(8). Let z be h(r). Suppose -k + 3 + 0 = 0, 2*v - 577 = z*k. Is v composite?
False
Suppose -12 = -b - 4*r, -2 = -3*b + 3*r + 4. Is (-31)/1*(-6 + b) composite?
True
Suppose 12*s + 2*n - 15001 = 9*s, -n + 25004 = 5*s. Is s prime?
False
Let j = 4191 - 104. Is j composite?
True
Let a(n) = n**3 + 62*n**2 - 62*n + 139. Is a(-61) composite?
True
Let z be (-2)/(-6) + (-68)/(-12). Let y = 4 - z. Is (y/4)/((-1)/1842) a prime number?
False
Let c = -2700 - -4985. Is c a composite number?
True
Suppose 0 = d, -2*v + 11672 = 5*d - 9626. Is v a composite number?
True
Suppose -5*f - 2959 - 541 = -5*s, 5*s - 3508 = 3*f. Let k = s - -2255. Is k a composite number?
True
Suppose -4*s + 162232 = q, -38*s + 40*s - q - 81122 = 0. Is s composite?
False
Suppose -3*v = w + 4 + 6, -5*v - 12 = 4*w. Let g be (w/6)/((-6)/(-5958)). Suppose g = 2*f - f. Is f composite?
False
Let g(d) be the third derivative of 3*d**5/10 + d**4/3 - 7*d**3/6 + 7*d**2. Let v be g(11). Is v/18 - (-3)/2 prime?
True
Let k(d) = -3*d**2 + 10. Let f be k(-6). Is (-2)/7 - 7770/f a prime number?
True
Let y = -27 - -29. Let z = -90 - -200. Is z/(-1 + 1 + y) a prime number?
False
Let c(t) = t**3 - 6*t**2 + 4*t + 2. Let o be c(5). Let l(x) = -2*x + 0*x - 2 + 14*x**2 - 13*x**2. Is l(o) composite?
False
Suppose g = -0*g - 5*t + 56, -g - t + 56 = 0. Let s = g - 0. Let m = 321 - s. Is m prime?
False
Suppose 31 = 13*p + 5. Suppose p*v - 2221 = -303. Is v prime?
False
Suppose 2*y = -28 - 30. Suppose 10*b = -38 + 668. Let i = b + y. Is i a composite number?
True
Let r(m) = 3*m**2 + 2. Suppose 10*g - 5*g - 130 = 0. Let j = 33 - g. Is r(j) a composite number?
False
Suppose -3222 = -5*z - 2*f + 7265, 4*f = -16. Is z composite?
False
Suppose -167262 = -5*t - t. Is t prime?
False
Suppose -3*t + g + 2161 = -2*t, 4*g = -3*t + 6469. Is t prime?
False
Let m(s) = -s**3 - 7*s**2 + 8*s + 3. Let w be m(-8). Let v be 4/6*-3 - -6. Suppose t + w = 0, j = -0*j - v*t + 9. Is j prime?
False
Suppose 6*g - 22 = 8. Is 0 + (4 - (g + -212)) prime?
True
Let i = 20 + -17. Suppose i*v = -2*v + 550. Suppose 2*q - 544 = -2*p - v, -5*p - 651 = -3*q. Is q prime?
False
Let b(w) = 386*w - 1. Suppose -4*v - 4*p + 8 = 0, -2*v + 4*p = 3*v - 19. Is b(v) a prime number?
False
Let k(r) = -r**3 + 7*r**2 - 5*r. Suppose 0 = 5*y - 3*y - 12. Let x be k(y). Is (8 + -2)*21/x prime?
False
Let n(u) = -u - 9. Let q be n(-10). Suppose k = -f - 6, 0 = k + 2*f + 10 + q. Is ((-1 - -2) + -68)*k composite?
False
Let d(v) = 776*v - 21. Is d(44) a composite number?
False
Is 8148/6 + 5 - 5 - -3 prime?
True
Let f(c) = -25*c**3 - 11*c**2 - 36*c - 231. Is f(-10) a composite number?
False
Let u(l) = -6*l + 1. Let n be u(2). Let v be 57/(-6)*(n - -1). Suppose 2*t - 23 - v = 0. Is t composite?
False
Suppose 2*y = -4*i + 8, -y - 4*i 